r of 46904?
False
Is 321 a factor of 3180789?
True
Does 15 divide 264705?
True
Is 166511 a multiple of 74?
False
Is 45 a factor of 339028?
False
Is 2245248 a multiple of 26?
False
Does 47 divide 314383?
True
Does 6 divide 316961?
False
Is 32640 a multiple of 4?
True
Is 415 a factor of 297140?
True
Is 108 a factor of 178200?
True
Is 362008 a multiple of 296?
True
Does 12 divide 1858068?
True
Is 62986 a multiple of 22?
True
Does 218 divide 10387746?
False
Is 30783 a multiple of 14?
False
Is 106 a factor of 894958?
True
Does 11 divide 101068?
True
Is 13 a factor of 9276288?
False
Is 92163 a multiple of 5?
False
Is 18 a factor of 593838?
True
Does 423 divide 762246?
True
Is 421 a factor of 714950?
False
Is 110 a factor of 15510?
True
Is 189372 a multiple of 491?
False
Is 3994370 a multiple of 10?
True
Is 19 a factor of 109643?
False
Is 82 a factor of 1389572?
True
Is 211146 a multiple of 3?
True
Does 10 divide 283190?
True
Does 57 divide 1861107?
True
Is 14 a factor of 417858?
True
Is 26 a factor of 2381496?
True
Does 199 divide 55322?
True
Does 991 divide 5366487?
False
Does 10 divide 5483722?
False
Is 27907 a multiple of 11?
True
Is 189 a factor of 18333?
True
Is 24941 a multiple of 209?
False
Is 86510 a multiple of 39?
False
Is 3223 a factor of 7203812?
False
Is 4620 a multiple of 23?
False
Is 61264 a multiple of 28?
True
Is 33 a factor of 12934124?
False
Is 93 a factor of 170606?
False
Is 75 a factor of 360675?
True
Is 1266 a factor of 1299686?
False
Is 262 a factor of 153270?
True
Is 18216 a multiple of 46?
True
Is 377100 a multiple of 5?
True
Is 332 a factor of 4815660?
True
Does 58 divide 2763990?
True
Does 290 divide 121800?
True
Is 94282 a multiple of 47?
True
Is 83 a factor of 14496697?
True
Does 311 divide 200906?
True
Is 1721537 a multiple of 465?
False
Is 970840 a multiple of 52?
True
Is 85167 a multiple of 29?
False
Is 65 a factor of 5823071?
False
Does 6 divide 162828?
True
Is 17 a factor of 691416?
False
Does 186 divide 53920?
False
Is 67 a factor of 2304130?
True
Does 5 divide 1826536?
False
Is 96 a factor of 458688?
True
Is 1244650 a multiple of 550?
True
Is 2163406 a multiple of 14?
True
Is 2935054 a multiple of 14?
False
Is 420 a factor of 30660?
True
Is 205367 a multiple of 42?
False
Is 265 a factor of 641390?
False
Is 31 a factor of 151404?
True
Does 52 divide 55329?
False
Is 14 a factor of 13904044?
True
Does 114 divide 11342276?
False
Does 549 divide 510570?
True
Is 144 a factor of 169239?
False
Does 33 divide 323763?
True
Does 227 divide 250189?
False
Is 326448 a multiple of 8?
True
Is 466 a factor of 2574184?
True
Does 36 divide 1101904?
False
Does 19 divide 19546?
False
Is 622301 a multiple of 45?
False
Is 116 a factor of 423632?
True
Is 242 a factor of 137214?
True
Is 6007178 a multiple of 11?
False
Is 452422 a multiple of 86?
False
Is 19198 a multiple of 29?
True
Is 152 a factor of 768968?
True
Is 19 a factor of 200144?
False
Is 160 a factor of 540480?
True
Does 12 divide 124424?
False
Does 114 divide 363318?
True
Is 25 a factor of 116906?
False
Is 1063 a factor of 454869?
False
Is 623961 a multiple of 9?
True
Does 16 divide 328044?
False
Is 140209 a multiple of 7?
False
Is 36 a factor of 3333995?
False
Is 760006 a multiple of 769?
False
Is 59126 a multiple of 60?
False
Is 38 a factor of 68416?
False
Is 77 a factor of 199045?
True
Is 10007338 a multiple of 38?
True
Is 899636 a multiple of 107?
False
Does 34 divide 339635?
False
Does 416 divide 94436?
False
Is 16 a factor of 877088?
True
Is 145 a factor of 71937?
False
Does 43 divide 28337?
True
Is 2024522 a multiple of 223?
False
Is 25 a factor of 3229080?
False
Is 5500410 a multiple of 166?
True
Is 228 a factor of 1071353?
False
Does 76 divide 29944?
True
Does 3 divide 462381?
True
Is 3152884 a multiple of 3?
False
Is 302 a factor of 6096?
False
Is 277185 a multiple of 17?
True
Is 42702 even?
True
Does 3 divide 100991?
False
Is 3 a factor of 223165?
False
Is 332 a factor of 927276?
True
Is 7969356 a multiple of 579?
True
Does 608 divide 369664?
True
Does 47 divide 3145569?
True
Does 10 divide 4572578?
False
Is 6 a factor of 6781?
False
Is 5 a factor of 3477985?
True
Is 10 a factor of 143280?
True
Is 398634 a multiple of 79?
True
Is 679510 a multiple of 20?
False
Is 424512 a multiple of 264?
True
Is 24 a factor of 84960?
True
Is 100206 a multiple of 18?
True
Does 669 divide 1370781?
True
Is 2015078 a multiple of 1261?
True
Does 21 divide 196409?
False
Is 140 a factor of 246540?
True
Is 17 a factor of 162642?
False
Does 311 divide 420959?
False
Does 3 divide 176026?
False
Is 104976 a multiple of 162?
True
Is 19 a factor of 3063548?
False
Is 94303 a multiple of 16?
False
Is 1160475 a multiple of 15?
True
Is 770166 a multiple of 84?
False
Is 2573055 a multiple of 113?
False
Is 72 a factor of 511776?
True
Does 27 divide 263682?
True
Is 295225 a multiple of 11?
False
Is 3201261 a multiple of 53?
False
Is 8937096 a multiple of 119?
False
Is 555272 a multiple of 34?
False
Is 410584 a multiple of 39?
False
Is 358960 a multiple of 641?
True
Does 5 divide 79967?
False
Is 547245 a multiple of 15?
True
Is 84 a factor of 4218802?
False
Does 7 divide 94871?
True
Is 1148 a factor of 746129?
False
Does 70 divide 7071540?
True
Is 135 a factor of 123433?
False
Is 79319 a multiple of 2?
False
Is 113 a factor of 3754086?
True
Is 8088918 a multiple of 41?
False
Is 24 a factor of 140061?
False
Is 189 a factor of 2589867?
True
Is 166 a factor of 105908?
True
Is 453332 a multiple of 141?
False
Does 165 divide 578160?
True
Is 9 a factor of 1559052?
True
Is 56 a factor of 490284?
False
Is 20 a factor of 3191083?
False
Is 118 a factor of 138650?
True
Is 529 a factor of 382541?
False
Does 29 divide 20382?
False
Is 74748 a multiple of 31?
False
Is 35 a factor of 504543?
False
Is 2010990 a multiple of 9?
False
Is 22178 a multiple of 4?
False
Is 17 a factor of 2259691?
True
Does 12 divide 153849?
False
Is 29424137 a multiple of 13?
False
Is 128268 a multiple of 28?
True
Does 4 divide 583265?
False
Does 177 divide 1466445?
True
Is 95 a factor of 12279143?
False
Is 49996 even?
True
Is 204756 a multiple of 16?
False
Is 351 a factor of 7944534?
True
Does 14 divide 2518977?
False
Is 47 a factor of 4230?
True
Does 63 divide 376869?
False
Is 10 a factor of 103555?
False
Does 9 divide 738106?
False
Does 14 divide 11284?
True
Is 224856 a multiple of 36?
True
Does 172 divide 915384?
True
Does 573 divide 4732787?
False
Does 143 divide 19591?
True
Is 1108191 a multiple of 6?
False
Is 131784 a multiple of 15?
False
Does 7 divide 142107?
True
Is 17776 a multiple of 8?
True
Is 788636 a multiple of 98?
False
Is 3 a factor of 70812?
True
Is 4 a factor of 3628?
True
Is 46530 a multiple of 90?
True
Does 11 divide 5756412?
False
Does 144 divide 10684656?
True
Does 280 divide 1925997?
False
Is 957601 a multiple of 1074?
False
Is 34 a factor of 5011056?
True
Does 13 divide 1987453?
True
Is 84 a factor of 29866011?
False
Does 13 divide 14430639?
False
Is 1064 a factor of 2762720?
False
Does 35 divide 861700?
True
Does 5 divide 94189?
False
Is 77970 a multiple of 690?
True
Is 1404 a factor of 29982214?
False
Is 324991 a multiple of 17?
False
Is 252 a factor of 15052968?
True
Is 204732 a multiple of 36?
True
Does 303 divide 184767?
False
Does 46 divide 575804?
False
Is 3276667 a multiple of 305?
False
Does 18 divide 123886?
False
Is 42 a factor of 159096?
True
Does 9 divide 457894?
False
Is 608835 a multiple of 6?
False
Does 1474 divide 23508711?
False
Is 684659 a multiple of 376?
False
Is 549667 a multiple of 72?
False
Is 64 a factor of 19476170?
False
Is 116201 a multiple of 3?
False
Is 31 a factor of 330615?
True
Does 33 divide 28941?
True
Is 324635 a multiple of 5?
True
Is 338799 a multiple of 31?
True
Does 193 divide 79130?
True
Is 113 a factor of 3490095?
False
Is 11117391 a multiple of 54?
False
Is 86 a factor of 91765?
False
Is 391680 a multiple of 136?
True
Does 70 divide 35770?
True
Is 15 a factor of 6450?
True
Is 114 a factor of 6443?
False
Is 3 a factor of 138076?
False
Does 22 divide 134536?
False
Is 24 a factor of 874585?
False
Is 5 a factor of 430283?
False
Is 77075 a multiple of 27?
False
Is 3 a factor of 60887?
False
Is 3098210 a multiple of 1262?
True
Is 919751 a multiple of 131?
True
Is 890295 a mult